{"id":1734,"date":"2022-09-26T10:05:56","date_gmt":"2022-09-26T10:05:56","guid":{"rendered":"https:\/\/goodtimers.brink.si\/?post_type=cars&#038;p=1734"},"modified":"2023-04-20T13:37:48","modified_gmt":"2023-04-20T13:37:48","slug":"1987-porsche-911-carerra-cabrio","status":"publish","type":"cars","link":"https:\/\/goodtimers.si\/de\/cars\/1987-porsche-911-carerra-cabrio\/","title":{"rendered":"1987 PORSCHE 911 CARRERA CABRIOLET"},"content":{"rendered":"<p>Das letzte Modell der urspr\u00fcnglichen 911-Serie verf\u00fcgt \u00fcber Bremsen der neuen Generation mit besserer K\u00fchlung, moderner<br \/>\nFederung und einen verbesserten 3164 ccm (3.2) Motor.<\/p>\n<p>Der Motor erhielt ein neues Ansaug- und Abgassystem, neue Kolben, ein neues Kraftstoffeinspritzsystem (L-Jetronic) mit Computer<br \/>\nUnterst\u00fctzung (Digital Motor Electronic System), Nockenwellen-Steuerkettenspanner werden durch \u00d6ldruck geregelt,<br \/>\nDie \u00d6lk\u00fchlung wurde durch neue Verkabelung und einen Multi-Mode-L\u00fcfter verbessert ... Unser Modell spiegelt Folgendes wider:<br \/>\nmodifiziertes Karosseriemodell Modell M941 (Kotfl\u00fcgel werden durch breitere ersetzt, produziert von RUF), &quot;Whale Tail&quot; Spoiler<br \/>\nauf der Motorhaube, Sitze aus Leder des namhaften Herstellers Recaro, originales Sportlenkrad, originaler Bezug f\u00fcr<br \/>\nFaltdach, ALU-Felgen 17 \u0308 Fuchs-Design, Edelstahl-Auspuffanlage mit sattem Sound, Getriebe<br \/>\nCarbonkurbel, G50 5-Gang-Getriebe und hydraulische Kupplung. Unseres hat auch eine Klimaanlage.<\/p>","protected":false},"excerpt":{"rendered":"<p>Das letzte Modell der urspr\u00fcnglichen 911-Serie verf\u00fcgt \u00fcber Bremsen der neuen Generation mit besserer K\u00fchlung, eine modernere Federung und einen verbesserten 3164-cm\u00b3-Motor (3.2). Der Motor bekam ein neues Ansaug- und Abgassystem, neue Kolben, ein neues Einspritzsystem (L-Jetronic) mit Computerunterst\u00fctzung (Digital Motor Electronic System), Nockenwellen-Steuerkettenspanner werden von [...]<\/p>","protected":false},"author":2,"featured_media":2277,"template":"","brand":[73,88],"najem":[],"class_list":["post-1734","cars","type-cars","status-publish","has-post-thumbnail","hentry","brand-porsche","brand-vsa-vozila"],"_links":{"self":[{"href":"https:\/\/goodtimers.si\/de\/wp-json\/wp\/v2\/cars\/1734","targetHints":{"allow":["GET"]}}],"collection":[{"href":"https:\/\/goodtimers.si\/de\/wp-json\/wp\/v2\/cars"}],"about":[{"href":"https:\/\/goodtimers.si\/de\/wp-json\/wp\/v2\/types\/cars"}],"author":[{"embeddable":true,"href":"https:\/\/goodtimers.si\/de\/wp-json\/wp\/v2\/users\/2"}],"version-history":[{"count":2,"href":"https:\/\/goodtimers.si\/de\/wp-json\/wp\/v2\/cars\/1734\/revisions"}],"predecessor-version":[{"id":5994,"href":"https:\/\/goodtimers.si\/de\/wp-json\/wp\/v2\/cars\/1734\/revisions\/5994"}],"wp:featuredmedia":[{"embeddable":true,"href":"https:\/\/goodtimers.si\/de\/wp-json\/wp\/v2\/media\/2277"}],"wp:attachment":[{"href":"https:\/\/goodtimers.si\/de\/wp-json\/wp\/v2\/media?parent=1734"}],"wp:term":[{"taxonomy":"brand","embeddable":true,"href":"https:\/\/goodtimers.si\/de\/wp-json\/wp\/v2\/brand?post=1734"},{"taxonomy":"najem","embeddable":true,"href":"https:\/\/goodtimers.si\/de\/wp-json\/wp\/v2\/najem?post=1734"}],"curies":[{"name":"wp","href":"https:\/\/api.w.org\/{rel}","templated":true}]}}

<p>Das letzte Modell der ursprünglichen 911-Serie verfügt über Bremsen der neuen Generation mit besserer Kühlung, moderner<br />
Federung und einen verbesserten 3164 ccm (3.2) Motor.</p>
<p>Der Motor erhielt ein neues Ansaug- und Abgassystem, neue Kolben, ein neues Kraftstoffeinspritzsystem (L-Jetronic) mit Computer<br />
Unterstützung (Digital Motor Electronic System), Nockenwellen-Steuerkettenspanner werden durch Öldruck geregelt,<br />
Die Ölkühlung wurde durch neue Verkabelung und einen Multi-Mode-Lüfter verbessert ... Unser Modell spiegelt Folgendes wider:<br />
modifiziertes Karosseriemodell Modell M941 (Kotflügel werden durch breitere ersetzt, produziert von RUF), &quot;Whale Tail&quot; Spoiler<br />
auf der Motorhaube, Sitze aus Leder des namhaften Herstellers Recaro, originales Sportlenkrad, originaler Bezug für<br />
Faltdach, ALU-Felgen 17 ̈ Fuchs-Design, Edelstahl-Auspuffanlage mit sattem Sound, Getriebe<br />
Carbonkurbel, G50 5-Gang-Getriebe und hydraulische Kupplung. Unseres hat auch eine Klimaanlage.</p>

<p>Das letzte Modell der ursprünglichen 911-Serie verfügt über Bremsen der neuen Generation mit besserer Kühlung, eine modernere Federung und einen verbesserten 3164-cm³-Motor (3.2). Der Motor bekam ein neues Ansaug- und Abgassystem, neue Kolben, ein neues Einspritzsystem (L-Jetronic) mit Computerunterstützung (Digital Motor Electronic System), Nockenwellen-Steuerkettenspanner werden von [...]</p>
