{"id":1711,"date":"2022-09-26T09:50:54","date_gmt":"2022-09-26T09:50:54","guid":{"rendered":"https:\/\/goodtimers.brink.si\/?post_type=cars&#038;p=1711"},"modified":"2025-12-11T11:21:35","modified_gmt":"2025-12-11T11:21:35","slug":"1968-mercedes-benz-280s","status":"publish","type":"cars","link":"https:\/\/goodtimers.si\/de\/cars\/1968-mercedes-benz-280s\/","title":{"rendered":"1968 MERCEDES-BENZ 280S"},"content":{"rendered":"<p>Die W108 S-Linie war von 1965 bis 1972 das High-End-Modell der neuen Mercedes-Generation. Die W108-Linie ist an ihren gro\u00dfen Glasfl\u00e4chen und einem f\u00fcr ihre Zeit gro\u00dfen und ger\u00e4umigen Innenraum zu erkennen. 1967 wurde der 2,5-Liter-Motor auf 2778 ccm (2,8 Liter) vergr\u00f6\u00dfert und in M130 umbenannt.<br \/>\nEin gro\u00dfer Vorteil der Motoren ist der zus\u00e4tzliche \u00d6lk\u00fchler und das neue Zylinderk\u00fchlsystem.<\/p>\n<p>Unser Fahrzeug ist ausgestattet mit<strong> Klimaanlage<\/strong>, <strong>elektrische Fensterheber<\/strong> Und <strong>Zentralverriegelung<\/strong>.<\/p>","protected":false},"excerpt":{"rendered":"<p>Die W108 S-Linie war von 1965 bis 1972 das High-End-Modell der neuen Mercedes-Generation. Die W108-Linie ist an ihren gro\u00dfen Glasfl\u00e4chen und einem f\u00fcr ihre Zeit gro\u00dfen und ger\u00e4umigen Innenraum zu erkennen. 1967 wurde der 2,5-Liter-Motor auf 2778 ccm (2,8 Liter) vergr\u00f6\u00dfert und in M130 umbenannt. Ein gro\u00dfer Vorteil der Motoren ist der zus\u00e4tzliche K\u00fchler [\u2026]<\/p>","protected":false},"author":2,"featured_media":2155,"template":"","brand":[70,88],"najem":[65],"class_list":["post-1711","cars","type-cars","status-publish","has-post-thumbnail","hentry","brand-mercedes-benz","brand-vsa-vozila","najem-da"],"_links":{"self":[{"href":"https:\/\/goodtimers.si\/de\/wp-json\/wp\/v2\/cars\/1711","targetHints":{"allow":["GET"]}}],"collection":[{"href":"https:\/\/goodtimers.si\/de\/wp-json\/wp\/v2\/cars"}],"about":[{"href":"https:\/\/goodtimers.si\/de\/wp-json\/wp\/v2\/types\/cars"}],"author":[{"embeddable":true,"href":"https:\/\/goodtimers.si\/de\/wp-json\/wp\/v2\/users\/2"}],"version-history":[{"count":6,"href":"https:\/\/goodtimers.si\/de\/wp-json\/wp\/v2\/cars\/1711\/revisions"}],"predecessor-version":[{"id":5985,"href":"https:\/\/goodtimers.si\/de\/wp-json\/wp\/v2\/cars\/1711\/revisions\/5985"}],"wp:featuredmedia":[{"embeddable":true,"href":"https:\/\/goodtimers.si\/de\/wp-json\/wp\/v2\/media\/2155"}],"wp:attachment":[{"href":"https:\/\/goodtimers.si\/de\/wp-json\/wp\/v2\/media?parent=1711"}],"wp:term":[{"taxonomy":"brand","embeddable":true,"href":"https:\/\/goodtimers.si\/de\/wp-json\/wp\/v2\/brand?post=1711"},{"taxonomy":"najem","embeddable":true,"href":"https:\/\/goodtimers.si\/de\/wp-json\/wp\/v2\/najem?post=1711"}],"curies":[{"name":"wp","href":"https:\/\/api.w.org\/{rel}","templated":true}]}}

<p>Die W108 S-Linie war von 1965 bis 1972 das High-End-Modell der neuen Mercedes-Generation. Die W108-Linie ist an ihren großen Glasflächen und einem für ihre Zeit großen und geräumigen Innenraum zu erkennen. 1967 wurde der 2,5-Liter-Motor auf 2778 ccm (2,8 Liter) vergrößert und in M130 umbenannt.<br />
Ein großer Vorteil der Motoren ist der zusätzliche Ölkühler und das neue Zylinderkühlsystem.</p>
<p>Unser Fahrzeug ist ausgestattet mit<strong> Klimaanlage</strong>, <strong>elektrische Fensterheber</strong> Und <strong>Zentralverriegelung</strong>.</p>

<p>Die W108 S-Linie war von 1965 bis 1972 das High-End-Modell der neuen Mercedes-Generation. Die W108-Linie ist an ihren großen Glasflächen und einem für ihre Zeit großen und geräumigen Innenraum zu erkennen. 1967 wurde der 2,5-Liter-Motor auf 2778 ccm (2,8 Liter) vergrößert und in M130 umbenannt. Ein großer Vorteil der Motoren ist der zusätzliche Kühler […]</p>
